 and 9827378.
242
What is the highest common divisor of 26207875 and 6532?
71
Calculate the greatest common divisor of 228380 and 47500.
380
Calculate the highest common divisor of 1535710 and 308330.
110
Calculate the greatest common factor of 24 and 773258208.
24
Calculate the greatest common factor of 15575 and 3649.
89
Calculate the greatest common factor of 582201567 and 663.
51
Calculate the highest common factor of 53037960 and 2448.
408
What is the highest common divisor of 627686 and 26062?
314
What is the greatest common divisor of 402 and 2511897?
201
What is the greatest common factor of 2977260 and 7007?
143
Calculate the highest common divisor of 267 and 23845681.
89
What is the highest common divisor of 5054285 and 14743?
641
What is the greatest common divisor of 10503 and 3242457?
27
What is the highest common divisor of 65079 and 61299?
63
Calculate the highest common divisor of 130 and 2262280.
10
Calculate the highest common divisor of 5243838 and 7482.
174
Calculate the greatest common divisor of 7793753339 and 593.
593
What is the highest common factor of 72105 and 11129250?
3135
Calculate the highest common divisor of 2776 and 28557406.
694
Calculate the highest common factor of 8151 and 9679683.
741
Calculate the highest common divisor of 888 and 324588.
12
What is the highest common factor of 5322036 and 2124?
708
What is the highest common factor of 4808988 and 180?
36
Calculate the highest common divisor of 4848564 and 13478.
586
What is the greatest common divisor of 45 and 856549575?
45
Calculate the greatest common factor of 24393 and 4132851.
141
What is the highest common divisor of 112 and 65636872?
56
Calculate the highest common factor of 566544 and 550.
22
Calculate the greatest common factor of 210 and 73316390.
70
What is the greatest common divisor of 540 and 264145968?
108
Calculate the highest common factor of 2723082700 and 122.
122
Calculate the greatest common factor of 399976 and 976820.
1156
Calculate the highest common divisor of 88 and 303801124.
44
Calculate the highest common factor of 2169 and 101878894.
241
What is the highest common divisor of 430089 and 231?
33
What is the greatest common divisor of 33776160 and 13728?
1056
What is the highest common factor of 9 and 9882453?
3
What is the highest common factor of 21091826 and 84?
14
Calculate the highest common divisor of 5207 and 1624871.
41
What is the greatest common factor of 84705041 and 28010?
2801
Calculate the greatest common divisor of 2535360 and 340.
20
What is the greatest common factor of 4455528 and 42504?
1848
What is the highest common divisor of 40118594 and 43286?
1882
What is the highest common divisor of 154913 and 8261?
11
What is the highest common divisor of 59 and 86722507?
59
What is the greatest common divisor of 13711285 and 14?
7
Calculate the highest common divisor of 74341136 and 1072.
16
What is the greatest common factor of 18356489 and 722?
361
Calculate the highest common factor of 88110 and 4014.
18
What is the greatest common divisor of 137 and 394?
1
What is the highest common factor of 1102703 and 4123?
133
Calculate the highest common divisor of 3791145 and 1028270.
4805
Calculate the greatest common factor of 28594 and 5984.
34
What is the highest common divisor of 53026900 and 10?
10
What is the greatest common divisor of 4839927 and 19?
19
What is the highest common divisor of 42480540 and 7740?
180
Calculate the greatest common divisor of 33387 and 1005918.
1077
What is the greatest common divisor of 16313281 and 139945?
2153
What is the highest common factor of 2520 and 110483520?
840
Calculate the greatest common factor of 96 and 7776096.
96
What is the greatest common divisor of 1359 and 12984641?
151
What is the highest common divisor of 290 and 148769710?
290
What is the greatest common divisor of 16394 and 15218316?
2342
What is the highest common divisor of 209083 and 640577?
833
What is the greatest common factor of 37 and 112521329?
37
What is the highest common divisor of 707 and 51851683?
101
Calculate the greatest common divisor of 8470710 and 1068.
6
What is the highest common factor of 916 and 130484?
4
Calculate the highest common divisor of 362857810 and 70.
70
What is the highest common divisor of 29018 and 679118?
22
What is the highest common divisor of 1111 and 18471587?
101
What is the greatest common divisor of 517 and 6963803?
11
Calculate the highest common factor of 76410 and 7741465.
1415
What is the highest common divisor of 7827924 and 5560?
556
What is the greatest common factor of 163728 and 91584?
432
What is the highest common factor of 40736998 and 907?
907
Calculate the greatest common divisor of 900 and 5681980.
20
What is the highest common divisor of 9827 and 1265513?
31
What is the highest common factor of 778481 and 235433?
187
Calculate the highest common factor of 3300744 and 280.
8
What is the highest common divisor of 82199 and 702?
13
What is the highest common factor of 6800760 and 70632?
648
What is the greatest common divisor of 357 and 490773?
51
Calculate the greatest common factor of 837 and 3677373.
27
Calculate the highest common factor of 318 and 182624326.
106
Calculate the highest common factor of 953 and 2173065861.
953
What is the highest common factor of 176400 and 49686?
294
What is the greatest common factor of 4110 and 35450805?
2055
Calculate the greatest common divisor of 5848 and 248148184.
5848
Calculate the greatest common factor of 3904 and 38024.
8
Calculate the highest common factor of 21136 and 17102987.
1321
Calculate the greatest common divisor of 380422405 and 55.
55
What is the greatest common factor of 34166 and 94446?
22
What is the highest common divisor of 4231543 and 634297?
8689
What is the highest common divisor of 43889100 and 750?
150
Calculate the highest common divisor of 252 and 1199282.
14
Calculate the highest common factor of 69310 and 2798690.
2390
Calculate the greatest common factor of 1022 and 1391530.
14
What is the highest common factor of 12 and 33074628?
12
Calculate the greatest common divisor of 420 and 208180.
140
What is the greatest common factor of 896 and 48814?
2
What is the greatest common divisor of 1089172 and 21168?
196
Calculate the highest common divisor of 1124 and 46700233.
281
Calculate the greatest common divisor of 31175 and 87978.
43
Calculate the greatest common divisor of 376131888 and 792.
792
What is the highest common divisor of 907333 and 637?
49
What is the greatest common divisor of 3473223 and 39?
39
Calculate the highest common factor of 51090 and 4664010.
390
Calculate the greatest common factor of 81867 and 556131.
2823
What is the highest common divisor of 5207 and 4064?
127
What is the highest common divisor of 457674 and 42381?
51
What is the greatest common factor of 684428 and 19453?
397
What is the greatest common factor of 1479 and 17832796?
493
What is the greatest common factor of 1281114 and 167787?
927
What is the highest common divisor of 211601 and 4041063?
5161
What is the greatest common factor of 59 and 10220688?
59
Calculate the greatest common factor of 3050596 and 7648.
956
Calculate the greatest common divisor of 18499 and 9657901.
1423
What is the highest common divisor of 5771675 and 15?
5
Calculate the greatest common factor of 3854828 and 76.
4
Calculate the greatest common divisor of 86 and 81909840.
86
Calculate the greatest common factor of 1412815 and 1055.
5
What is the greatest common factor of 164843504 and 16?
16
Calculate the greatest common factor of 448375058 and 890.
178
Calculate the greatest common divisor of 14112 and 1417472.
1568
What is the greatest common divisor of 644109 and 5019189?
12153
Calculate the greatest common divisor of 56543211 and 243.
27
What is the highest common divisor of 21 and 16867438?
7
Calculate the highest common divisor of 7714821 and 483.
69
What is the greatest common factor of 1070 and 522610?
10
What is the highest common divisor of 5650 and 228025?
25
Calculate the highest common divisor of 3464 and 24908758.
866
What is the highest common factor of 43966 and 51547?
19
Calculate the highest common factor of 48484 and 11601361.
391
What is the highest common divisor of 1244 and 1205747?
311
Calcu